{"id":46,"date":"2016-07-07T14:24:52","date_gmt":"2016-07-07T14:24:52","guid":{"rendered":"http:\/\/frank-brodda.de\/?page_id=46"},"modified":"2018-06-25T13:09:09","modified_gmt":"2018-06-25T13:09:09","slug":"angebote","status":"publish","type":"page","link":"https:\/\/frank-brodda.de\/?page_id=46","title":{"rendered":"Immobilienmarkt"},"content":{"rendered":"<blockquote><p>Wenn Sie weitere Informationen zu unseren bei immobilienscout24 kategorisierten Angeboten w\u00fcnschen, rufen Sie gerne an oder schreiben Sie eine <del><\/del>kurze Mail \u00fcber unser Kontaktformular. Wir freuen uns, wenn wir Ihnen helfen k\u00f6nnen.<\/p><\/blockquote>\n<p><a href=\"https:\/\/frank-brodda.de\/wp-content\/uploads\/2016\/07\/aa0204f534b33eb42552765.pdf\" target=\"_blank\"><img decoding=\"async\" src=\"https:\/\/frank-brodda.de\/wp-content\/uploads\/2016\/07\/Unbenannt.png\" alt=\"\" width=\"100\" \/><\/a><\/p>\n","protected":false},"excerpt":{"rendered":"<p>Wenn Sie weitere Informationen zu unseren bei immobilienscout24 kategorisierten Angeboten w\u00fcnschen, rufen Sie gerne an oder schreiben Sie eine kurze Mail \u00fcber unser Kontaktformular. Wir freuen uns, wenn wir Ihnen helfen k\u00f6nnen.<\/p>\n","protected":false},"author":1,"featured_media":0,"parent":0,"menu_order":0,"comment_status":"closed","ping_status":"closed","template":"","meta":{"footnotes":"","_links_to":"","_links_to_target":""},"class_list":["post-46","page","type-page","status-publish","hentry"],"_links":{"self":[{"href":"https:\/\/frank-brodda.de\/index.php?rest_route=\/wp\/v2\/pages\/46","targetHints":{"allow":["GET"]}}],"collection":[{"href":"https:\/\/frank-brodda.de\/index.php?rest_route=\/wp\/v2\/pages"}],"about":[{"href":"https:\/\/frank-brodda.de\/index.php?rest_route=\/wp\/v2\/types\/page"}],"author":[{"embeddable":true,"href":"https:\/\/frank-brodda.de\/index.php?rest_route=\/wp\/v2\/users\/1"}],"replies":[{"embeddable":true,"href":"https:\/\/frank-brodda.de\/index.php?rest_route=%2Fwp%2Fv2%2Fcomments&post=46"}],"version-history":[{"count":12,"href":"https:\/\/frank-brodda.de\/index.php?rest_route=\/wp\/v2\/pages\/46\/revisions"}],"predecessor-version":[{"id":318,"href":"https:\/\/frank-brodda.de\/index.php?rest_route=\/wp\/v2\/pages\/46\/revisions\/318"}],"wp:attachment":[{"href":"https:\/\/frank-brodda.de\/index.php?rest_route=%2Fwp%2Fv2%2Fmedia&parent=46"}],"curies":[{"name":"wp","href":"https:\/\/api.w.org\/{rel}","templated":true}]}}